tens digit of 3/(-1)*28/(-3)?
2
Let g(d) = -d**3 - d**2 - d + 5. Let f = -2 + 2. What is the units digit of g(f)?
5
Suppose 5*u + 41 = 281. What is the tens digit of u?
4
Let f = 28 + -39. Let u = 15 + f. What is the units digit of u?
4
Suppose 2*c = c + 2. Suppose 4*g = 2*s - 16, 2*s - c*g = -2*s + 14. What is the units digit of (16/(-6))/(s/(-6))?
8
Suppose -7*s + 2*s = 20. Let z be ((-18)/s)/((-3)/(-90)). What is the units digit of z/20 + (-6)/8?
6
Suppose 4*n - 27 = 193. Suppose -n = -5*a - 4*z, 4*a + a - 55 = 3*z. Suppose 0 = 4*x - 4*j - 28, 2*j - 7*j - a = 3*x. What is the units digit of x?
3
Let x(r) = -5*r - 16. Let s be x(-8). What is the tens digit of (3/1)/(s/208)?
2
What is the hundreds digit of 410/(6/(-15) - (-84)/35)?
2
Suppose 0 + 4 = -y. Let p(h) = -5*h**2 + 12*h + 5. Let k(c) = -11*c**2 + 25*c + 11. Let j(i) = y*k(i) + 9*p(i). What is the units digit of j(8)?
1
Suppose 2*s + 0 + 22 = 0. Let d = s + 16. Let t = 1 + d. What is the units digit of t?
6
Suppose -c + 17 - 2 = -3*n, 4*c = 5*n + 32. Suppose -3*x - m = c*m - 19, -5 = m. What is the tens digit of x?
1
Let t be 6/8*(-4 + 0). Let m be (t + 2)/(5/15). What is the units digit of -3*(-1 + m/9)?
4
Suppose -5*o - 65 = 20. Let b = o - -39. What is the units digit of b?
2
Let o(r) = r**2 + 10*r - 4. Let q be o(-9). Let n = 50 + q. What is the tens digit of n?
3
What is the tens digit of (134/(-7))/((10/35)/(-2))?
3
Let b(c) = -c**2 - 11*c - 3. What is the units digit of b(-5)?
7
Let b(r) = -r**2 - 12*r - 11. Let n be b(-12). Let j = -4 - n. What is the units digit of j?
7
Let v = -16 - -18. Suppose -5*l = 4*f - 55, 3*l - f + v*f - 40 = 0. What is the units digit of l?
5
Let i(c) = -c**2 - 12*c + 12. Let b be i(-13). Let l(o) = -25*o**3. What is the units digit of l(b)?
5
Suppose -3*h = -5*h + 34. Let p = 33 - h. What is the units digit of p?
6
Let n = -17 + 111. What is the units digit of n?
4
Suppose 2*m = -2*m + 848. What is the units digit of m?
2
Suppose 3*v - 2*v - 29 = 0. What is the tens digit of v?
2
Let d = -3 + 5. Let s(v) = 2 - d + 9*v. What is the units digit of s(1)?
9
Let v(l) = 4*l**2 - 6*l - 3. What is the units digit of v(-2)?
5
Let i(b) = b**3 - 6*b**2 + b - 2. Let o = 3 - 1. Let q be o - -5 - (-1 + 2). What is the units digit of i(q)?
4
Let v(k) be the first derivative of k**4/12 - 7*k**3/6 + 4*k**2 + 2*k + 1. Let r(a) be the first derivative of v(a). What is the units digit of r(6)?
2
Let s = 151 - 73. What is the units digit of s?
8
Suppose y = 2*f - 0*f - 3, 0 = f + y - 9. What is the units digit of f?
4
Suppose -5*f + 1 = 26. Let u be ((-8)/f)/((-1)/(-5)). What is the units digit of 6/16*2*u?
6
Let d be (-103)/(-4) + 3/12. Suppose c = -5*p + 35, -p - d = -2*p - 4*c. What is the units digit of 1 - 1/(-1)*p?
7
Let z = 14 + -12. What is the units digit of (10/z)/(2/4)?
0
Let s(p) be the third derivative of p**6/120 - p**5/10 + p**4/24 + p**3/6 + 2*p**2. Suppose 2*o - 24 = -2*o. What is the units digit of s(o)?
7
Let k be (-1)/(2 - (-17)/(-8)). Let c be (0 + k)*12/8. Suppose -2*g = 2*g - c. What is the units digit of g?
3
Suppose 3*l - 4*w + 20 = -l, w = -2. Let q = 29 + l. What is the units digit of q?
2
Suppose -42 = -3*r - 5*m + 1, -4*m + 60 = 4*r. What is the units digit of (0/1 - 0) + r?
6
Suppose 2*g = 4, 801 = 5*r - 2*g - 480. What is the units digit of r?
7
Suppose 0 = -w + 2*w - 3*t - 4, 5*w + 3*t = -52. What is the tens digit of (-2)/4*(-30 - w)?
1
Let f(v) = v**3 + 5*v**2 - 2*v - 11. What is the units digit of f(-4)?
3
Suppose -6*i = -7*i + 12. What is the units digit of i?
2
Let a be (-6)/15 - (-26)/(-10). Let d = a + 3. Suppose d = -2*u + 2*c - 6, 2*c - 13 = -2*u - 3*u. What is the units digit of u?
1
Let c be 3/(1/((-14)/3)). Let r(i) = i**3 + 6*i**2 + 3*i - 7. Let z be r(-5). Let q = z - c. What is the units digit of q?
7
Let b(d) = -7*d - 5. What is the tens digit of b(-6)?
3
Suppose 17 = 5*v + 2. Suppose 0 = 5*i - o - 200, -190 = -5*i - 0*o + v*o. Suppose i = 5*q + 11. What is the units digit of q?
6
Let l = 7 + -4. Let a(j) = 2*j**2 - 5*j + 4. What is the units digit of a(l)?
7
Let f = 15 - -8. What is the units digit of f?
3
Let u = -2 + 5. Suppose g - 13 = -u*g + t, -2*g = -4*t + 4. Suppose 7 = g*n - 41. What is the units digit of n?
2
Let l = 6 - 4. Let x(o) = -l*o - 3 - 4 - 1. What is the units digit of x(-6)?
4
Let x(s) = -5*s**2 - s. Let c be x(4). Suppose 0 = -0*i + 2*i - 8. What is the units digit of c/(-22) + i/22?
4
What is the units digit of 3 + -2 - (-32 + -5)*5?
6
Let l be (-4)/(-14) - (-2)/(-7). Let b be 17 + (l - 2) + 1. Let p = -11 + b. What is the units digit of p?
5
Let s(g) = g**3 + 30*g**2 - 8*g + 22. What is the hundreds digit of s(-30)?
2
Suppose -4*y - 26 = -3*i + 2*i, 79 = 5*i - 3*y. Let g = i + 7. Let q = 41 - g. What is the tens digit of q?
2
Let v be (-6)/(-2)*30/6. Suppose -v = 5*o - 80. What is the units digit of o?
3
Suppose 0*v = -2*v + 70. Suppose -l - v = -6*l. What is the units digit of l?
7
Let i be (3/(-4))/((-12)/32). Suppose 6*r - 148 = i*r. What is the tens digit of r?
3
Let i(k) = -k**3 - 9*k**2 - 2. Let l be i(-9). Let y = 2 - l. Suppose -d - 2*n - 8 = 0, 2*d = n + 5 + y. What is the units digit of d?
2
Let x(y) = y**3 - 10*y**2 + 10*y - 28. What is the tens digit of x(10)?
7
Let y = 14 + -2. Suppose 0 = 4*a - 2*q - 50, a + y = -4*q + 2. What is the units digit of a?
0
Let r(q) = 2*q**2 + q. Let s be r(1). What is the units digit of 1/(s - 15/6)?
2
Let h(s) = -s**3 + 4*s**2 + 6*s + 3. Let q be h(5). Let o be 5*(38/(-10) + (5 - 2)). Let z = q + o. What is the units digit of z?
4
Let n(c) = -c**2 - 5*c - 5. Let u be n(-5). Let m be (1 - 1)*(u - -6). Suppose 3*l + 2*i - 5*i - 18 = m, -i - 12 = -4*l. What is the units digit of l?
2
Let f be 0 + 2 + 0 + 15. Suppose 42 = -5*v + f. What is the units digit of 2/v*15*-1?
6
Let t(j) be the first derivative of j**3/3 + 5*j**2/2 + j - 2. What is the units digit of t(-6)?
7
Let x = -6 + 6. Let r be x/(1 + -2 + 0). Suppose 20 = 2*z - r*z. What is the units digit of z?
0
Let z(v) be the second derivative of v**5/20 + v**4/2 - v**3/6 + 2*v**2 - 4*v. What is the units digit of z(-6)?
0
Let l(j) = 7*j**3 - j**2 - j + 1. Let i be l(1). Suppose -2 = -4*x + 6, -3*s = x + 16. What is the units digit of i/(4 - 1) - s?
8
Suppose 128 = 4*h - 4*x, 67 = 2*h - 3*x + 2*x. What is the units digit of h?
5
Let d(v) = v**3 - 2*v + 1. Let a be d(-2). Let t be (2 - 3)/(a/6). Suppose -r + 29 = 3*o, -o - t*r + 50 = 4*o. What is the units digit of o?
8
Let j = -34 + 59. What is the tens digit of j?
2
Let v be (5 - (-2 + 4)) + 3. Let y be (-3)/3 - -2 - -9. Suppose 0 = -4*s + 2*z + y, 2*z = 3*s - v + 1. What is the units digit of s?
5
Let j = 164 + -105. What is the units digit of j?
9
What is the units digit of (0 + -2)/(385/395 + -1)?
9
Let v(p) = -p**2 - 4*p + 5. Let s be v(-4). Suppose -5*x + 10 = j - 24, s*j - 4*x = 199. Suppose j = 2*r + 9. What is the units digit of r?
5
Let m(k) = -5*k + 94. What is the tens digit of m(-17)?
7
Let r = 58 + -28. Suppose 2*w + r = 5*w. What is the units digit of w?
0
Suppose 0 = z + 5*y + 4, 4*z - 1 = -5*y - 2. What is the tens digit of -28*z/4*-2?
1
Let m(z) = 5*z + 12. Let u = 30 + -18. Let q be m(u). Suppose -c = 3*c - q. What is the tens digit of c?
1
Suppose 0*i - i - 9 = 0. What is the units digit of 2/4 + i/(-2)?
5
Let x(n) = -n**3 - 5*n**2 + 5*n + 5. Let g(m) = m**3 - 5*m**2 + 4*m. Let s be g(3). What is the tens digit of x(s)?
1
Suppose -4*k = 5*t - 18, 2*k - 7 = 5*t + 17. What is the units digit of k?
7
Let m(w) = w - 6. Let u be m(8). Let d(b) = 2*b**3 - 3*b**2 + 2*b - 2. What is the units digit of d(u)?
6
Let b = 26 - -27. What is the tens digit of b?
5
Suppose -30 = -5*s - 3*w, 26 = 2*s + 4*w - 0. Suppose -2*h - i + 10 = s, -2*h + 2*i - 8 = 0. What is the units digit of (3/9)/(h/9)?
3
Let o(p) = 17*p + 30. What is the hundreds digit of o(5)?
1
Suppose 2*n = 3*z - 0*n - 62, -3*n = 12. Let l be 4/z - (-110)/(-9). Let y = -8 - l. What is the units digit of y?
4
Suppose -3*c = 0, 4*r + 4*c - 10 = -2. Let l(z) = 2 - z - r. What is the units digit of l(-1)?
1
Let a = 175 + 13. What is the units digit of a?
8
What is the units digit of 59 - 4*(3 + -2)?
5
What is the units digit of 5*(1 + -1 - -43)?
5
What is the tens digit of 17 + -2 + (-1 